g. Suppose 0 = 2*d - 6 + k. Let p(o) = -2*o**2 - 2*o + 1. Determine p(d).
-11
Let y(m) = -1849*m + 5546*m - 1851*m - 24 - 1848*m. Give y(-7).
-10
Let x = 268 - 273. Let a(v) = v**3 + 6*v**2 - 10*v - 70. Determine a(x).
5
Suppose -z + 23 = -d - 4, -d = 2*z - 48. Suppose -13*a + z = -18*a. Let j(c) = c**3 + 3*c**2 - 6*c - 1. What is j(a)?
-21
Let f = -2716 + 8149/3. Let v(x) be the second derivative of x**2 + 0 + 18*x + 1/12*x**4 + f*x**3. Calculate v(-3).
5
Let t(w) = -15*w**2 + 8*w - 1666. Let o(b) = 7*b**2 - 3*b + 769. Let p(i) = 13*o(i) + 6*t(i). Let m be ((-6)/(-4))/(6/(-32)). What is p(m)?
-7
Let v(j) be the first derivative of -j**4/4 + 4*j**3/3 + 5*j**2/2 + 2*j + 1367. Calculate v(4).
22
Let c(x) = -3*x**3 - 143*x**2 - 135*x**2 - 5 - 9*x + 284*x**2 + 5*x**3. Determine c(-4).
-1
Let l(v) = -v**2 - 6*v + 19. Let j = -55 + 52. Let h be j + -3 + (4 - 1) + -5. Determine l(h).
3
Let h(g) = -4*g**3 - 1. Let c(i) = 2*i - 23. Let k be c(13). Suppose -6 = -3*q - 3*t + 6, 3*t + 12 = k*q. Suppose -q = 11*x - 7*x. Determine h(x).
3
Let d = -9265 - -9262. Let k(f) = 2*f + 6. Let o(q) = -7*q - 19. Let t(m) = -11*k(m) - 4*o(m). What is t(d)?
-8
Let c(l) = 31*l**3 - 6*l**2 - 6*l + 1. Let w(i) = -8*i**3 + i**2 + 2*i + 1. Let z(m) = c(m) + 4*w(m). Determine z(-3).
8
Let f(a) = 13*a - 158. Let g(i) = -12*i + 127. Let b(o) = -5*f(o) - 6*g(o). What is b(-13)?
-63
Let i(x) = 2*x**2 + x - 2. Suppose -4*j - 3 = -5*j. Let n(b) = 2 + 4*b**3 + 2*b**j + b**2 - 6*b**3 - b**3. Let d be n(2). Calculate i(d).
4
Let t(b) = 5*b**2 - 2*b**2 - 11*b - 9*b**2 + 5*b**2. Suppose -4*f = -16*o + 21*o + 27, -3*o = 3*f + 21. What is t(f)?
24
Let j(v) = 4*v - 11. Let y be j(1). Let m(w) = 14*w + 16. Let d(p) = -9*p - 11. Let l(o) = y*d(o) - 5*m(o). Determine l(5).
-38
Suppose 4*t + 22*h = 24*h + 20, 0 = -3*t - 4*h - 29. Let j(d) = 120*d - 122. Give j(t).
-2
Let q(y) = 2*y**2 - 3. Let t be q(-3). Suppose 12*m - t*m = 15. Let i(g) = -g**3 - 6*g**2 - 7*g - 3. Give i(m).
7
Suppose -5*z + 4 = 4*b - 2*z, 2*b + 8 = z. Let t(r) = 24*r - 22*r - 8 + 4*r - 7*r + 6. What is t(b)?
0
Let h(p) = -p**2 + 14*p - 16. Let b be h(8). Suppose -28 = -4*u - b. Let g(l) = -3*l**2 - 1. Calculate g(u).
-4
Let s = 208 + -206. Suppose -24 = -4*n + 2*l, -s*n - 2*n = l - 24. Let x(f) = -f + 1. Give x(n).
-5
Let j(d) = 2*d - 19. Suppose 5*a + 21*z - 665 = 16*z, -3*z - 6 = 0. Let q be (-14)/(-3)*a/90. Determine j(q).
-5
Let s be 22*(-16)/(-528) - (-52)/(-6). Let j(b) = b**2 - 2*b - 3. Calculate j(s).
77
Let p(h) be the first derivative of -5*h**2/2 + h + 55. Suppose 23*s - 5 = -28. Determine p(s).
6
Let o(k) = -k - 2. Let t(v) = -13*v + 37. Let s be t(-8). Let a = 148 - s. Calculate o(a).
-9
Let j(k) = 587*k + 2348. Let c be j(-4). Let u(m) = -m**3 + 2*m**2 + m + 37. Calculate u(c).
37
Let q(m) = -8*m**2 + 6*m - 5. Let a(k) = 1 + k**2 - 2*k + 4*k - k - 2*k. Let f(y) = 5*a(y) + q(y). Let o be 2*((-152)/16)/19. What is f(o)?
-4
Let f(c) = -2*c**2 - 75*c - 33. Let q be f(-37). Let t be ((-4)/q)/(6/12). Let l(z) = -3*z**2 - z - 1. Calculate l(t).
-11
Let i = 12 - 4. Suppose 0 = -5*b - 38 + i. Let k(x) = 20*x - 10. Let m(h) = -6*h + 3. Let g(s) = -2*k(s) - 7*m(s). What is g(b)?
-13
Let d(c) = c**3 - 5*c**2 - 5*c - 5. Suppose 4*f + 5*n + 0 = 40, 0 = -f - n + 9. Let k(z) = 11*z - 12. Let i be k(f). Suppose 0 = -9*o + 11 + i. What is d(o)?
1
Let v(s) = 13*s - 1. Let g(b) = 21*b + 17*b - 41*b. Let n(z) = -18*g(z) - 4*v(z). Let j(w) = -w**2 + 1. Let y be j(-2). Determine n(y).
-2
Let c(f) be the third derivative of -1/24*f**4 + 0*f - 39 - 1/6*f**3 - f**2. Calculate c(6).
-7
Suppose 0 = -2*q - 198 + 202. Let v(o) = 0 - o**3 + 792*o**2 - 1 + 3*o - 792*o**2. Give v(q).
-3
Let n = 3567 + -3560. Let d(w) be the second derivative of w**3/2 - 15*w**2/2 + 8*w. What is d(n)?
6
Suppose 0*m + m - 12 = 0. Let y(h) = -h**3 + 127*h**2 + 11*h - 1395. Let k be y(127). Let j(t) = -m*t + 8*t + t - k + 6*t. Determine j(4).
10
Let t(o) = -7*o**2 - 1. Let x(w) = -2*w**2 + 22*w + 1. Suppose 4*f - 4 = b + 9*f, 2*b + 4*f = 10. Let i be x(b). Calculate t(i).
-8
Suppose 53*q + w + 4*w = 50*q, -4*w = 4*q. Let b(v) be the third derivative of -5/3*v**3 - 20*v**2 + 0*v + q + 1/24*v**4. Calculate b(10).
0
Let c(p) = 10 - 2*p + 5*p + 5*p + p**2. Suppose 4*v - 17*u = -13*u - 8, 2*u = -4*v + 22. Let j be 4 - (v + 74)/7. Give c(j).
3
Let l(u) = 9*u**3 + 1034*u - 10 - 5*u**2 - 8*u**3 - 1023*u. What is l(3)?
5
Let i(j) be the second derivative of j + 0*j**2 - 1/3*j**3 + 0. Let v(c) = -488*c + 2926. Let s be v(6). Determine i(s).
4
Let h(u) = -u**2 - 1351*u + 5416. Let n be h(4). Let x(f) = -2*f**3 - 3*f**2 + 5*f. Determine x(n).
60
Suppose 0 = -3*x - 3*h + 30, 1536*h + 31 = 4*x + 1537*h. Let k(f) be the first derivative of -19 - 1/2*f**2 - x*f. Give k(-9).
2
Let t(b) be the third derivative of 5*b - 1/120*b**6 - b**2 - 1/10*b**5 - 1/6*b**4 + 0 - 1/6*b**3. Give t(-5).
-6
Let o = -930 + 932. Let s(b) = 126*b + 5 + b**o - 127*b - 12. Calculate s(3).
-1
Let f(s) = s**2 - 2*s - 48. Let d be f(8). Suppose -g + 54 - 49 = d. Let r(n) = 2*n**2 - 6*n - 5. Give r(g).
15
Suppose 0 = 5*i + 15, 1029 = 4*n - 5*i + 2*i. Let p = 252 - n. Let k(c) = c**3 + 6*c**2 - c. What is k(p)?
30
Let s(a) = -a**3 - 64*a**2 - 3*a - 19. Let x be s(0). Let c(q) = 5*q + 48. Determine c(x).
-47
Let z(x) = 2*x**2 - 12*x + 4. Let u be (-42 + 45)*20/12. Give z(u).
-6
Let i = -50866 + 50872. Let v(d) = -2*d**3 + 8*d**2 + 14*d + 6. Let u(x) = -x**3 + 4*x**2 + 7*x + 3. Let r(h) = 7*u(h) - 3*v(h). What is r(i)?
-27
Let c(z) be the first derivative of -2*z**3 - 3*z**2 - 1/4*z**4 - 134 - z. Calculate c(-6).
35
Let a = -4134 + 4134. Let i(s) be the second derivative of 0 + a*s**3 + 10*s + 0*s**2 - 1/6*s**4. Determine i(1).
-2
Let o(b) = -4*b**2 + 2*b + 5. Let f(m) = 9*m**2 - 5*m - 12. Let v(w) = 3*f(w) + 7*o(w). Let g(d) = -3*d**2 - 11*d + 5. Let q(u) = g(u) - 4*v(u). What is q(6)?
3
Let t(y) = -1 - 2 + 4*y + 7. Let p = 173 - 154. Suppose -4*s = -u + p, -5*s + 14 - 40 = u. Give t(s).
-16
Let t(x) = -x**3 + 13*x**2 + 51*x - 35. Let y be t(16). Let u(w) = -w**2 + 12*w + 9. What is u(y)?
-4
Let u(m) be the second derivative of -m**3/6 + 5*m**2/2 + m - 21. Let z(s) = s - 3. Let o(g) = 4*u(g) + 5*z(g). Give o(-3).
2
Let u(s) = 20*s - 50. Let z(i) = -201*i + 494. Let t(c) = 29*u(c) + 3*z(c). Calculate t(1).
9
Let y(u) = -u**2 + 4*u - 3. Let m(i) = 3*i + 18. Let a be m(-8). Let w be (-1)/(-2) + (-21)/a. Determine y(w).
-3
Suppose 67 + 45 = -y. Let n = y - -114. Suppose 188 = n*h + 182. Let b(l) = l**2 - 3*l + 4. What is b(h)?
4
Suppose 4 = 4*x - 0. Let l(p) = 2 - 12 - x + p. Let m be 40/(-4) - 286/(-143). Calculate l(m).
-19
Let t = -307 + 301. Let l(j) = -j**2 + 2. Let o(s) = 7*s**2 - 14*s - 26. Let b(z) = t*l(z) - o(z). What is b(13)?
27
Suppose 4*g + f - 116 = 0, -2*f - 10 = -g + 10. Let k(b) = -b**3 + 7*b**2 + b**2 - g - 4*b + 18. Determine k(7).
11
Let z(i) = 101*i**2 - 27 + 30 + 104*i**2 - 207*i**2 + 2*i. Let b = 10 - 7. Suppose -s + 0 = -b. Give z(s).
-9
Let p(c) = -c + 116*c**3 - 103*c**3 + 1 + c**2 - c. Let h(r) = r. Let n(q) = -4*h(q) - p(q). Let l = -6 + 5. Give n(l).
13
Let n(l) = 3*l - 5 - 3*l + 4*l + 25*l**2 + 13*l**3. Suppose -17*o + 720 = -97*o. Let s(k) = -3*k**3 - 6*k**2 - k + 1. Let a(m) = o*s(m) - 2*n(m). What is a(-2)?
7
Let m(v) = -22*v + 291. Suppose -5*l - 65 = 2*u - 116, 4*l = 4*u - 32. What is m(u)?
5
Let c(u) = -29*u + 64. Let y be c(2). Let p(n) be the first derivative of 2*n**3/3 - 7*n**2/2 - 6*n - 7. What is p(y)?
24
Suppose -3*d = -22 + 7. Suppose -2*a + 18 + 6 = d*n, 4*a = n + 4. Let f(v) be the second derivative of -v**3/6 + 3*v**2 - 4060*v. Determine f(n).
2
Let x(g) = -2*g - 26. Let t(q) = -7*q - 16. Let z(a) = t(a) - 2*x(a). What is z(8)?
12
Let b(a) be the third derivative of a**5/60 + 5*a**4/12 + 11*a**3/6 - 11*a**2 + 58*a. Determine b(-8).
-5
Let m = 345 - 352. Let f(a) = -a**2 + 3*a - 4. Calculate f(m).
-74
Let o(p) = p**3 - 11*p**2 - 23*p - 16. Let r be (67 + 3)/35*26/4. Determine o(r).
23
Let z(o) = -o**3 - 33*o**2 + 5*o + 173. Let i be 6*(-143)/104*4. What is z(i)?
8
Let l(i) = 3 - 8*i - i**2 + 4*i + 3 - 14 + 5. Suppose 4*z = 2*n - 16, -3*z - 11 - 1 = n. What is l(z)?
-3
Let c(x) = 147 + 183 - x**2 - 498 - x + 178. Let a be 2/8 + 1/(-4). Calculate c(a).
10
Suppose